9, 23
What are the prime factors of 18758?
2, 83, 113
List the prime factors of 20078.
2, 10039
List the prime factors of 13337.
13337
List the prime factors of 461.
461
What are the prime factors of 18629?
13, 1433
What are the prime factors of 10081?
17, 593
List the prime factors of 26847.
3, 19, 157
What are the prime factors of 368?
2, 23
What are the prime factors of 2784?
2, 3, 29
List the prime factors of 164.
2, 41
List the prime factors of 13685.
5, 7, 17, 23
List the prime factors of 43365.
3, 5, 7, 59
What are the prime factors of 285?
3, 5, 19
List the prime factors of 11090.
2, 5, 1109
List the prime factors of 7809.
3, 19, 137
List the prime factors of 1644.
2, 3, 137
What are the prime factors of 1432?
2, 179
What are the prime factors of 486?
2, 3
List the prime factors of 6878.
2, 19, 181
List the prime factors of 4466.
2, 7, 11, 29
What are the prime factors of 65633?
65633
What are the prime factors of 753?
3, 251
What are the prime factors of 186?
2, 3, 31
What are the prime factors of 49007?
7, 7001
List the prime factors of 15555.
3, 5, 17, 61
List the prime factors of 36508.
2, 9127
What are the prime factors of 930?
2, 3, 5, 31
What are the prime factors of 2443?
7, 349
List the prime factors of 11872.
2, 7, 53
What are the prime factors of 1865?
5, 373
What are the prime factors of 19882?
2, 9941
List the prime factors of 17341.
17341
List the prime factors of 11549.
11549
What are the prime factors of 6527?
61, 107
What are the prime factors of 47120?
2, 5, 19, 31
List the prime factors of 21900.
2, 3, 5, 73
List the prime factors of 23955.
3, 5, 1597
List the prime factors of 63320.
2, 5, 1583
List the prime factors of 21542.
2, 10771
What are the prime factors of 12235?
5, 2447
List the prime factors of 933.
3, 311
What are the prime factors of 659?
659
What are the prime factors of 1280?
2, 5
List the prime factors of 25669.
7, 19, 193
List the prime factors of 4470.
2, 3, 5, 149
List the prime factors of 795.
3, 5, 53
List the prime factors of 437.
19, 23
What are the prime factors of 5727?
3, 23, 83
What are the prime factors of 41222?
2, 20611
List the prime factors of 7308.
2, 3, 7, 29
List the prime factors of 4687.
43, 109
What are the prime factors of 101725?
5, 13, 313
List the prime factors of 706.
2, 353
List the prime factors of 34376.
2, 4297
What are the prime factors of 22575?
3, 5, 7, 43
List the prime factors of 12510.
2, 3, 5, 139
List the prime factors of 3896.
2, 487
List the prime factors of 80219.
97, 827
List the prime factors of 67716.
2, 3, 11, 19
List the prime factors of 45823.
45823
List the prime factors of 859.
859
What are the prime factors of 1745?
5, 349
What are the prime factors of 5608?
2, 701
What are the prime factors of 407?
11, 37
What are the prime factors of 4357?
4357
What are the prime factors of 13307?
7, 1901
List the prime factors of 38842.
2, 19421
List the prime factors of 15439.
15439
What are the prime factors of 4406?
2, 2203
List the prime factors of 1407.
3, 7, 67
List the prime factors of 838.
2, 419
List the prime factors of 131247.
3, 4861
List the prime factors of 21043.
11, 1913
What are the prime factors of 63448?
2, 7, 11, 103
List the prime factors of 12856.
2, 1607
What are the prime factors of 16689?
3, 5563
List the prime factors of 29254.
2, 14627
What are the prime factors of 1034?
2, 11, 47
What are the prime factors of 2918?
2, 1459
What are the prime factors of 111562?
2, 11, 461
What are the prime factors of 2272?
2, 71
List the prime factors of 89917.
89917
List the prime factors of 12935.
5, 13, 199
List the prime factors of 520.
2, 5, 13
What are the prime factors of 53489?
89, 601
What are the prime factors of 820?
2, 5, 41
What are the prime factors of 12783?
3, 4261
List the prime factors of 23872.
2, 373
What are the prime factors of 442?
2, 13, 17
List the prime factors of 59224.
2, 11, 673
What are the prime factors of 57798?
2, 3, 13, 19
List the prime factors of 10435.
5, 2087
List the prime factors of 19860.
2, 3, 5, 331
List the prime factors of 3558.
2, 3, 593
What are the prime factors of 23231?
13, 1787
What are the prime factors of 5581?
5581
What are the prime factors of 7973?
7, 17, 67
List the prime factors of 186518.
2, 179, 521
What are the prime factors of 11778?
2, 3, 13, 151
What are the prime factors of 772?
2, 193
What are the prime factors of 82639?
23, 3593
List the prime factors of 2633.
2633
List the prime factors of 40927.
40927
List the prime factors of 1783.
1783
What are the prime factors of 1651?
13, 127
List the prime factors of 4869.
3, 541
List the prime factors of 159.
3, 53
List the prime factors of 4887.
3, 181
List the prime factors of 4735.
5, 947
What are the prime factors of 1615?
5, 17, 19
List the prime factors of 1838.
2, 919
List the prime factors of 177874.
2, 88937
What are the prime factors of 46326?
2, 3, 7, 1103
What are the prime factors of 36559?
36559
List the prime factors of 574.
2, 7, 41
List the prime factors of 7167.
3, 2389
What are the prime factors of 1423?
1423
List the prime factors of 15026.
2, 11, 683
List the prime factors of 8072.
2, 1009
What are the prime factors of 1234?
2, 617
List the prime factors of 4264.
2, 13, 41
List the prime factors of 915.
3, 5, 61
List the prime factors of 6646.
2, 3323
List the prime factors of 38895.
3, 5, 2593
What are the prime factors of 1520?
2, 5, 19
List the prime factors of 1792.
2, 7
What are the prime factors of 1146?
2, 3, 191
What are the prime factors of 8913?
3, 2971
What are the prime factors of 3060?
2, 3, 5, 17
List the prime factors of 106596.
2, 3, 7, 47
List the prime factors of 1066.
2, 13, 41
List the prime factors of 10150.
2, 5, 7, 29
List the prime factors of 9969.
3, 3323
List the prime factors of 1078.
2, 7, 11
List the prime factors of 526.
2, 263
What are the prime factors of 162062?
2, 81031
List the prime factors of 77325.
3, 5, 1031
What are the prime factors of 818?
2, 409
List the prime factors of 893.
19, 47
List the prime factors of 125434.
2, 59, 1063
List the prime factors of 3134.
2, 1567
List the prime factors of 4741.
11, 431
What are the prime factors of 25666?
2, 41, 313
What are the prime factors of 37?
37
What are the prime factors of 13110?
2, 3, 5, 19, 23
List the prime factors of 732.
2, 3, 61
List the prime factors of 20800.
2, 5, 13
What are the prime factors of 1488?
2, 3, 31
What are the prime factors of 4645?
5, 929
List the prime factors of 555.
3, 5, 37
List the prime factors of 96023.
131, 733
What are the prime factors of 34975?
5, 1399
List the prime factors of 51050.
2, 5, 1021
List the prime factors of 98020.
2, 5, 13, 29
List the prime factors of 1850.
2, 5, 37
What are the prime factors of 2034?
2, 3, 113
What are the prime factors of 3165?
3, 5, 211
List the prime factors of 4656.
2, 3, 97
What are the prime factors of 27272?
2, 7, 487
What are the prime factors of 15543?
3, 11, 157
What are the prime factors of 3692?
2, 13, 71
List the prime factors of 897.
3, 13, 23
What are the prime factors of 7168?
2, 7
What are the prime factors of 4561?
4561
List the prime factors of 27591.
3, 17, 541
List the prime factors of 8932.
2, 7, 11, 29
What are the prime factors of 373?
373
List the prime factors of 63094.
2, 31547
List the prime factors of 25156.
2, 19, 331
What are the prime factors of 907?
907
What are the prime factors of 412?
2, 103
What are the prime factors of 1390?
2, 5, 139
What are the prime factors of 5228?
2, 1307
List the prime factors of 81193.
7, 1657
What are the prime factors of 22341?
3, 11, 677
List the prime factors of 2092.
2, 523
What are the prime factors of 1379?
7, 197
What are the prime factors of 2009?
7, 41
What are the prime factors of 20363?
7, 2909
What are the prime factors of 1944?
2, 3
What are the prime factors of 17599?
17599
What are the prime factors of 62027?
7, 8861
List the prime factors of 17128.
2, 2141
What are the prime factors of 498?
2, 3, 83
List the prime factors of 38239.
38239
List the prime factors of 2023.
7, 17
What are the prime factors of 24593?
24593
List the prime factors of 8628.
2, 3, 719
List the prime factors of 2218.
2, 1109
What are the prime factors of 12371?
89, 139
List the prime factors of 5256.
2, 3, 73
What 